(a) = -a. Let f be j(-12). What is the remainder when z(f) is divided by d?
20
What is the remainder when 14 is divided by ((-3)/(-2))/(2/16)?
2
Let i = 0 + 3. Suppose 2*l - 33 = 13*l. What is the remainder when 30 is divided by (2 - i)*(-5 + l)?
6
Let s = -28 - -44. Suppose -3*y + s = y. Calculate the remainder when y is divided by 3.
1
Let v(o) = -6*o**2 + 0*o**2 - 2*o**2 + 5*o - o**3. Calculate the remainder when v(-9) is divided by 19.
17
Let m be (1 + 11)*(-4)/(-6). What is the remainder when (-4)/m*32*-1 is divided by 6?
4
Let f = 58 + 22. Calculate the remainder when f is divided by 21.
17
Suppose -2*g - 12 = 2*o - 5*g, -3*o - 16 = -4*g. Suppose 4*b + 5*c - 43 = o, 2*b - 5*b + 4*c + 71 = 0. Calculate the remainder when 67 is divided by b.
16
Suppose -6*l + 8*l = 32. Calculate the remainder when 79 is divided by l.
15
Suppose -4*w = -2*w + 58. Let n = w - -46. What is the remainder when n is divided by (-585)/(-63) - 4/14?
8
Suppose 5*c - 178 = -r - 0*r, 2*c - 78 = 3*r. What is the remainder when c is divided by 20?
16
Suppose -5*k = 4*p - 248, -4*p + 0*k + 220 = -2*k. Calculate the remainder when p is divided by ((-9)/6)/((-2)/20).
12
Let s be (-3 + 7)/((-2)/(-2)). Suppose 27 = 5*t + s*d, -3*d + 4 + 8 = t. Let h(k) = k**2 - 4*k + 4. What is the remainder when h(4) is divided by t?
1
Let n = 18 - 11. Suppose -2*b + 3*x + 27 = 0, -41 = -b + 3*x - n*x. Let o(p) = -p**2 - 8*p + 1. What is the remainder when b is divided by o(-7)?
5
Let m = -48 + 67. What is the remainder when m is divided by (-2)/(-10) - (-486)/45?
8
Let l(y) = -y**2 - 24*y - 62. What is the remainder when l(-12) is divided by 17?
14
Let u(w) = -6*w. Let p be u(-1). Suppose -2*y + p = -16. What is the remainder when y is divided by (-2 + 5)/((-4)/(-8))?
5
Let v = -11 - -18. Let q = 264 - 239. What is the remainder when q is divided by v?
4
Let v(a) = -a + 3. Let d = 6 - 10. Calculate the remainder when 13 is divided by v(d).
6
Suppose -35*c + 30*c = -70. What is the remainder when 57 is divided by c?
1
Let x(a) be the first derivative of a**3/3 - 11*a**2/2 + 10*a - 1. Calculate the remainder when x(11) is divided by 4.
2
Let m(z) = 34*z - 7. Calculate the remainder when m(3) is divided by 24.
23
Suppose -5*l + 23 = -2, 4*l + 4 = 2*g. Let i(c) = -c + 34. What is the remainder when i(0) is divided by g?
10
Let a(v) = 53*v + 2. What is the remainder when a(1) is divided by 19?
17
Let u be (-12)/(-15)*30/4. Let h = u - 4. Suppose 9 = -h*x + 3*x. What is the remainder when 15 is divided by x?
6
Let c = -8 + 19. Calculate the remainder when 651/15 + 2/(-5) is divided by c.
10
Let b(w) = 13*w - 4. Let x be b(13). Suppose 42 = 3*k + 3*o, -5*k + o = 3*o - 64. What is the remainder when x/k + 1/4 is divided by 8?
6
Suppose 5*a = 3*a + 96. Let x be (-2)/2 + 3 + -2. Suppose x*j + 4*j - a = 4*f, 5*j - f - 40 = 0. Calculate the remainder when 19 is divided by j.
5
What is the remainder when 11 is divided by 4/10 + (-720)/(-75) + -3?
4
Let s(y) = y + 8. Let m be s(-6). Suppose -2*z = -10*v + 5*v - 15, 0 = 4*z - m*v - 22. Calculate the remainder when 7 is divided by z.
2
Let t(n) = -n**3 - n**2 - n - 3. Let b be t(0). Let j = b - -11. Calculate the remainder when (-4 + 2)*(-26)/4 is divided by j.
5
Suppose -3*s + 96 = -2*b + b, -2*s - b = -64. Calculate the remainder when s is divided by 12.
8
Calculate the remainder when 69 is divided by ((2 - 5)/(-3))/(1/14).
13
Suppose -16*v = -13*v. Suppose 0*o + 3*o - 33 = v. Calculate the remainder when 42 is divided by o.
9
Let d(z) = 2*z**2 + 2*z + 3. Calculate the remainder when d(-6) is divided by 33.
30
Suppose 3*d - 71 = 2*d. Calculate the remainder when d is divided by 37.
34
Let t(d) be the first derivative of -5*d**2/2 + 4*d - 1. What is the remainder when t(-4) is divided by 13?
11
Let h(z) = z**3 + 6*z**2 + 5*z + 4. Let n be h(-5). Calculate the remainder when 8*(1 + 5/(-10)) is divided by ((-6)/n)/((-3)/6).
1
Suppose -4 = 6*w - 7*w. Let d = 3 - 1. What is the remainder when w is divided by d?
0
Let u = 32 + -18. Suppose 846 + 2 = 4*o. Suppose m - o = -3*m. What is the remainder when m is divided by u?
11
Let i = -9 - -11. Let j = 7 + i. Calculate the remainder when 34 is divided by j.
7
Let g(w) = w**2 - 5*w - 4. Calculate the remainder when 57 is divided by g(7).
7
Calculate the remainder when 148 is divided by 30/9*((-13)/(-1) + 2).
48
Let w(p) = p + 8. Let q be (-28)/(-6)*54/21. Let y = q + -18. What is the remainder when 5 is divided by w(y)?
1
Let c = -8 + 13. Let m = 22 - c. Calculate the remainder when 50 is divided by m.
16
Suppose 4*k = -1 - 59. Suppose 3*d - 2*d - 41 = 0. Calculate the remainder when d is divided by 6/k - 214/(-10).
20
Let p(h) = h**2 + 4*h + 3. Let f be p(-4). Suppose 2*m = 2*r - 2*m - 12, m - f = 0. Suppose -4*s + 66 = -70. What is the remainder when s is divided by r?
10
Let w be (-65)/9 + (-16)/(-72). Let i = 9 + w. Suppose i*s + 4*b = 71 + 23, 5*s + 4*b = 235. What is the remainder when s is divided by 16?
15
Let u(r) = 8*r + 31*r**3 + 4 - 10*r - 3. What is the remainder when u(1) is divided by 16?
14
Let b = -173 - -274. Calculate the remainder when b is divided by 13.
10
Let v(j) be the third derivative of -j**4/12 - 7*j**3/3 - j**2. Let c be v(-11). Suppose 0 = -q + 2 + c. What is the remainder when q is divided by 3?
1
Let r(o) = 24*o**3 + o + 1. Let f be r(-1). What is the remainder when (1 + -4)/(f/416) is divided by 14?
10
Suppose 5*u - 150 + 55 = 0. Let t(o) = -o**2 + 4. Let i be t(2). Suppose u = -i*b + b. What is the remainder when b is divided by 7?
5
Let q(t) = 11*t + 2*t + 13*t + 2 - 8*t. Let z(j) = -5*j + 1. What is the remainder when q(1) is divided by z(-2)?
9
Let x = -243 + 457. What is the remainder when x is divided by 36?
34
Calculate the remainder when (-231)/(-15) + (-6)/15 is divided by 8.
7
Let b be 3 - (1 + -3 + 2). Let d be ((-3)/(-2))/((-6)/(-16)). Suppose d + 5 = b*s, -w = 5*s - 34. Calculate the remainder when w is divided by 11.
8
Let m = 24 - 51. Suppose 4*k + 22 = 210. Let b = m + k. Calculate the remainder when b is divided by 7.
6
Let y be ((-2)/6)/((-3)/27). Suppose f + y = 6. Suppose -f*h + 5 = -1. Calculate the remainder when 5 is divided by h.
1
Suppose 0*j = 5*j - 225. Calculate the remainder when j is divided by 25.
20
Let k(y) = y**3 - y**2 + y - 5. Let g(r) = 10*r**2 - 2*r + 2. Calculate the remainder when k(4) is divided by g(1).
7
Let q be ((-8)/(-24))/((-1)/(-102)). Let m = 47 - q. What is the remainder when (-2)/3 + 339/9 is divided by m?
11
Suppose 0 = -y + 4*y - u - 3, 3*u - 9 = 0. Suppose -y*a + 18 + 12 = 0. Suppose 0*s - 308 = -7*s. What is the remainder when s is divided by a?
14
Let t = -12 + 25. Calculate the remainder when 49 is divided by t.
10
Suppose 5*m - 23 = 2. Calculate the remainder when (-1)/(-5) - (-64)/5 is divided by m.
3
Suppose 5*i = 3*p - 60, 4*i = -2*p + 3*p - 27. Suppose 4*y + 60 = 4*q, -q + 5*y = 3*y - p. Calculate the remainder when q is divided by 6.
3
Suppose -4*z - z + 2*s + 90 = 0, -z - 3*s + 35 = 0. What is the remainder when z is divided by 7?
6
Suppose u = 4*u - 39. Suppose 3*a = 71 + u. Calculate the remainder when a is divided by (-1)/(-1*(-2)/(-20)).
8
Suppose -60 = -2*a - 2*o, 0*a - 3*o = -3*a + 78. Suppose -a = -y - 3*y. Calculate the remainder when 26 is divided by y.
5
Let c be (-2 - -2)/(4/2). Suppose c = 2*t - 11 - 1. Let u(q) = -q**3 + 7*q**2 - 6*q + 7. Calculate the remainder when 12 is divided by u(t).
5
Suppose 3*x = 11*x - 24. What is the remainder when 11 is divided by x?
2
Suppose p - 67 = -5*s, -3*p + 10*s + 237 = 7*s. What is the remainder when p is divided by 8?
5
Let b(j) = 2*j - 8. What is the remainder when 34 is divided by b(7)?
4
Let u(p) = -p + 1. Let q be (-115)/35 - (-4)/14. Let k be -1 - q/(-1) - 2. What is the remainder when u(k) is divided by 4?
3
Suppose 0 = -4*q + 4*w + 4, -q + 0*q - w = -5. Let l = -3 - 0. Let d = q - l. Calculate the remainder when 10 is divided by d.
4
Let h(q) = 3*q**2 - 2*q + 1. Suppose 0 = -3*z - 1 - 8. Let t = z + 6. What is the remainder when t is divided by h(1)?
1
Let o = -14 - -24. Calculate the remainder when ((-6)/(-36) - (-101)/6) + 2 is divided by o.
9
Suppose -3*s + 4 = l, s = -2*l + 4 - 1. Let c = 13 + s. Suppose -2*b = b - 78. What is the remainder when b is